2/2 + 20*n + 29. Let f be c(-8). Suppose -554 = -6*b + f. Is b prime?
True
Suppose -85 + 370 = 5*z - 4*f, f - 207 = -4*z. Let i = z + -46. Suppose i*k + 2*q = 2*k + 2410, 0 = -3*k - 5*q + 1446. Is k a composite number?
True
Suppose -79*l + 100*l = 143115. Suppose 7 = 5*v - 8. Suppose n - l = -4*n + 2*s, -v*n = 4*s - 4063. Is n a composite number?
False
Suppose -2*p - 900 = -6*p. Let c = p - 1838. Let h = -919 - c. Is h prime?
False
Let v be ((-1155)/(-25) + 1)*-875. Let j = 61963 + v. Is j prime?
True
Let f be (-3 - -100)/(1/89). Let b = -10505 - -4601. Let r = f + b. Is r a prime number?
True
Is ((-279)/372)/((-18978)/(-6328) + -3) a prime number?
False
Let b be (-4 - -2) + 8 - (-3)/(-1). Let h be -1*((-3)/b - 0) - -10. Suppose h*i - 31475 = 6*i. Is i a composite number?
True
Suppose -3*m = 3*j - 1500618, -5*m + 7*j - 10*j + 2501036 = 0. Is m a composite number?
False
Suppose 98*g - 329935100 = -122*g. Is g prime?
False
Suppose -2*t - 5*s + 21 = 0, 4*s + 0*s + 3 = 5*t. Suppose 621 = 3*g - 4*p, -996 = -4*g + t*p - 161. Is g a prime number?
True
Let w = 510 + -795. Let u = 476 + w. Is u prime?
True
Is 15715932/36 + (-16)/24 a composite number?
True
Let q(u) = u**3 - 7*u**2 + 10*u - 2. Let x be q(5). Let j(f) = -2 - 3*f**2 - 3*f - 462*f**3 + 83*f**3 - 2*f**2 + 1. Is j(x) composite?
True
Let a = 225 - 222. Suppose 2231 = 4*n - 3*p, -a*n - 10*p = -13*p - 1674. Is n a composite number?
False
Suppose -6*d - 8 = -26. Suppose -d*b + 60 = 3*b. Is (b/4)/(1435/478 + -3) a prime number?
False
Suppose 0 = 180*w - 179*w - 165583. Is w composite?
True
Let f = -1962 + 3819. Is f/5 - 2/5 composite?
True
Let m = -257679 - -467198. Is m prime?
True
Let s be -4 - (9/3 - 61). Suppose 6 + s = 5*u. Suppose -j = -59 + u. Is j a composite number?
False
Suppose 5*s = 3*p - 83355, -4*p + 5*s - 27765 = -5*p. Let q = p - 18607. Is q a prime number?
True
Suppose -11*i = -6*i - 5*b - 18445, -7392 = -2*i - 5*b. Is i composite?
False
Suppose -2*o - 4*d + 256286 = 0, -18*d + 256292 = 2*o - 17*d. Is o composite?
False
Let v = 6135 + 20338. Is v a prime number?
False
Let w(m) be the first derivative of m**5/24 + m**4/8 + 8*m**3/3 - 9. Let h(l) be the third derivative of w(l). Is h(2) a prime number?
True
Suppose 30*l - 29*l = 1. Is (-1)/l*(0/(-4) - 11801) prime?
True
Suppose 0 = 5*q + 3*j - 385, 12*q - 10*q - 4*j = 154. Is (-9318)/(-4) + 5 + q/(-14) a composite number?
True
Suppose -116200 = -2*d - 2*k, -354*k + 350*k = -3*d + 174321. Is d prime?
False
Suppose 0 = 3*m + 2*o + 785, 2*m + o + 1299 = -3*m. Suppose -2*a - 4*a = -708. Let q = a - m. Is q a prime number?
False
Is (2 - 8537250/24)/(3/(-4) + 0) a composite number?
False
Is (-4)/(-14) - 48/70 - (-13021973)/95 composite?
True
Let c(d) = 468*d**2 - 4*d - 29. Let p be c(-8). Suppose -5*i + 0*r = 4*r - p, 3*i - r = 17956. Is i a composite number?
False
Let w(t) be the second derivative of -11*t**6/144 + 2*t**5/15 + 19*t**4/12 + 8*t. Let r(q) be the third derivative of w(q). Is r(-5) a prime number?
False
Let n(m) = m**3 + 3*m**2 - 6*m - 2. Let r be n(-4). Suppose t - r*t + 565 = 0. Is t a prime number?
True
Suppose -8 = -2*o, 6 = -2*s + 4*o + 16. Let v = s - -144. Is v prime?
True
Suppose 0 = -5*p + 5*c + 50, 0*c + 2*c = -2. Suppose -16*t = -p*t - 35. Suppose -s + 2*o = -367 + 107, -4*s = t*o - 1001. Is s a prime number?
False
Let u(x) = 12*x**2 + 20*x - 51. Suppose 93 = g + 80. Is u(g) prime?
True
Let z be 42 + 22 + (-3 - 1). Let l be z/(-21)*(-21)/6. Is l + 262 + (-2 - 1) composite?
False
Suppose -3 = 4*z - 507. Let k = z - 95. Is k composite?
False
Let u(h) = 1850*h**2 - 14*h + 9. Is u(23) composite?
False
Let l be 91312*-4*(-6)/16. Suppose -35270 - l = -11*c. Is c a composite number?
True
Suppose 5*b = -5*s - 24055, -s = -b - 79 + 4900. Let c be 1 + s/(-12) - (-2)/3. Suppose c = l - 518. Is l a composite number?
True
Let k = -43 + 27. Let h = 18 + k. Suppose 1755 = x + h*x + 2*s, -3*x = s - 1752. Is x a composite number?
True
Is (-1777*22)/(104/(-429)) + (-1)/(-4) a composite number?
False
Suppose 678555 = 2*c - t, -5*c = -74*t + 75*t - 1696398. Is c composite?
True
Let s(x) be the third derivative of 149*x**5/60 - x**4 - 50*x**3/3 + x**2 - 18. Is s(-7) a prime number?
True
Suppose -5*r - 2*n = -114375, n + 6 = 11. Is r prime?
False
Let s be (-11152476)/357 + 11/(-7) + 1. Let f = 52707 + s. Is f a prime number?
True
Let l = 33550 + -22167. Is l prime?
True
Let n be 170/25 - (-8)/(-10). Suppose 4*k - 91 = -r, n*r - 186 = 4*r - 4*k. Is r prime?
False
Let h = 10258 - -223579. Is h a prime number?
True
Let u = -294 + 405. Is u a composite number?
True
Suppose -4*y + 263808 = -s - 226585, 2*y + 5*s - 245213 = 0. Is y prime?
True
Suppose -2*h + 6188 = -2024. Let t = h + 4161. Is t prime?
False
Let f(z) = -z**3 - 10*z**2 + 12*z + 14. Let c be f(-11). Suppose -c*w = -w + 2*m - 14, -3*w + 5*m = 11. Is 2981/6 - (76/(-24) + w) composite?
True
Let d(m) = m**3 - 14*m**2 + 5. Let f be d(14). Suppose 6 = 2*c - 2*j + f*j, -4*c = j - 2. Suppose c = -4*p + p + 1761. Is p composite?
False
Let l(w) = -w**3 + 37*w**2 + 12*w - 37. Let k be l(20). Let n = 14006 - k. Is n a composite number?
True
Let i(b) = 2049*b**2 + 2*b + 2. Suppose 9*s - 6*s - 6 = -3*k, 0 = s + 3*k - 4. Is i(s) a prime number?
True
Suppose 1413667 + 4630584 = 99*f - 942278. Is f composite?
False
Let j(y) = -y**3 + 7*y**2 - 5*y - 6. Let i = -54 - -60. Let u be j(i). Suppose 0*v + c = -v + 239, 2*v - 5*c - 450 = u. Is v a prime number?
False
Let c = 125 - 68. Suppose -9*k - c = -300. Let o = k - -47. Is o a composite number?
True
Let p = -26 + 31. Suppose 0 = 3*s - p*i - 4037, s - 1341 = -0*i - 3*i. Let w = s + -841. Is w composite?
False
Suppose 22*a - 38370 = 19*a + 3*g, -6*g + 63983 = 5*a. Is a prime?
False
Suppose -5*k + 200 = 5*m + 40, 2*k - 3*m - 44 = 0. Suppose k*b - 33848 - 16580 = 0. Is b a prime number?
True
Let p(r) = -6*r + 124. Let z be p(18). Suppose -z*x = -20*x + 2444. Is x composite?
True
Let w be (-4523 + 5)*1/(-2). Suppose -3*m + w = -0*m. Suppose 2*k - 217 - m = 0. Is k composite?
True
Suppose -147*b - 2544864 = -27055497. Is b a prime number?
True
Suppose 16*u + 928 = 8*u. Let b = u + 607. Is b prime?
True
Let i = 43 + -40. Suppose i*a - 2934 = -3*a. Suppose r + a = 2*r. Is r a composite number?
True
Is (4/6)/(4/89814) prime?
True
Suppose 5*z + 20 = -5*f, -f + 0*f + 6 = -4*z. Let w be ((-4550)/(-21))/((-1)/12*f). Suppose -5256 - w = -4*t - 4*q, -4*t = -2*q - 6580. Is t composite?
True
Suppose 0 = 3*z - 9*l + 5*l - 35, 5*z - l = 30. Suppose -z*f - 2*i + 13653 = 0, f + 4*i = -327 + 3054. Is f prime?
True
Let o(a) = 31899*a - 5. Let y be o(-2). Is (y + (-3 - 0))*(-1)/2 a prime number?
False
Suppose 142 = -z + 144, 5*n + 5*z = 2963975. Is n a prime number?
True
Let v(j) = -j**2 + 28*j - 88. Let o be v(24). Suppose t = -4*h + 10633, 4*t = o*t - h - 42583. Is t composite?
True
Let k(j) = j**2 + 21*j - 20. Let b be k(-22). Let t be b/(2/36*4). Is 7 - 3 - t*-23 a composite number?
False
Is (-111359368)/(-606) + -1*(-2)/(-6) a composite number?
False
Let i = -46086 - -239205. Is i prime?
False
Let r = 5 + -7. Let q(m) be the third derivative of -503*m**4/24 + 2*m**3 - 12059*m**2. Is q(r) prime?
False
Let d(j) = 313*j**2 - 5*j + 3. Let n be d(3). Let o be 4/(-16)*2*-8. Suppose -4*h + 2760 = o*b, 4*h + b - 6*b = n. Is h a prime number?
False
Is (-12)/15 + ((-4189408)/(-800))/((-2)/(-10)) a composite number?
False
Let z = 1183042 + -699519. Is z a prime number?
True
Suppose 13*p = 11*p + 2590. Suppose -2*q + c + p = 0, -3*q - 4*c = -7*q + 2592. Is q composite?
False
Let c(j) = -158*j**2 + j - 4. Let q be c(2). Let d be (-100380)/294 - 6/(-14). Let m = d - q. Is m prime?
True
Let g(u) = -2446*u - 7. Let v be g(-1). Suppose -857 - v = -2*j + 2*z, 5*z - 15 = 0. Is j a composite number?
True
Let s = 35454 + 155335. Is s a prime number?
False
Suppose 3*v + 16 = 7*v. Suppose -19 = -5*i + v*m - 0*m, i + 3*m - 19 = 0. Suppose -973 = -i*j + 4284. Is j a composite number?
False
Suppose l + 243 + 4038 = 0. Let i = l + 10138. Let d = -2858 + i. Is d a composite number?
False
Let f(c) = -639*c**3 + 2*c**2 + c + 1. Suppose -9*d + 14*d = -5. Is f(d) a prime number?
True
Let j = -22 + 28. Suppose j*z - 2 = 4*z. Is -2 + 3 + z*126 a composite number?
False
Is ((-9)/(180/416410))/